{"id":40,"date":"2024-02-06T16:55:56","date_gmt":"2024-02-06T16:55:56","guid":{"rendered":"https:\/\/marc-gensane.site\/?page_id=40"},"modified":"2026-04-23T17:09:23","modified_gmt":"2026-04-23T17:09:23","slug":"table-des-matieres","status":"publish","type":"page","link":"https:\/\/marc-gensane.site\/index.php\/table-des-matieres\/","title":{"rendered":"Table des mati\u00e8res"},"content":{"rendered":"\n<p class=\"has-small-font-size\">Nota: tous les articles ant\u00e9rieurs \u00e0 2024 proviennent d&rsquo;un site \u00ab\u00a0perso-orange\u00a0\u00bb; orange ayant cess\u00e9 sa fonction d&rsquo;h\u00e9bergeur, ce site n&rsquo;existe plus. <br>A noter que mon ancien site sur free n&rsquo;a pas \u00e9t\u00e9 supprim\u00e9 \u00e0 ce jour, bien que je ne sois plus \u00ab\u00a0chez\u00a0\u00bb free depuis longtemps.<br>Ancien site : <a href=\"http:\/\/marc.gensane.free.fr\/\">http:\/\/marc.gensane.free.fr\/<\/a> (l&rsquo;adresse courriel qui y figure n&rsquo;est plus valable)<br>De la musique : <a href=\"https:\/\/www.youtube.com\/@marcgensane9319\">https:\/\/www.youtube.com\/@marcgensane9319<\/a> (sous le nom de mon \u00e9pouse &#8230;. sans que j&rsquo;aie rien demand\u00e9)<br>Le blog du cousin Bernard : <a href=\"http:\/\/bernard-gensane.over-blog.com\/\">http:\/\/bernard-gensane.over-blog.com\/<\/a><\/p>\n\n\n\n<p class=\"has-small-font-size\"><strong>Pour parler vrai<\/strong><br>\u00ab\u00a0<em>Si j&rsquo;\u00e9tais ministre, je commencerais par redonner leur sens aux mots<\/em>\u00a0\u00bb (citation attribu\u00e9e \u00e0 Confucius)<br><a href=\"https:\/\/marc-gensane.site\/index.php\/2024\/02\/07\/la-croissance-le-developpement-durable-la-transition-energetique\/\">La \u00ab\u00a0croissance\u00a0\u00bb<\/a><br><a href=\"https:\/\/marc-gensane.site\/index.php\/2024\/02\/07\/la-croissance-le-developpement-durable-la-transition-energetique\/\">le \u00ab\u00a0d\u00e9veloppement durable\u00a0\u00bb; la \u00ab\u00a0transition \u00e9nerg\u00e9tique\u00a0\u00bb<\/a> <br> <a href=\"https:\/\/marc-gensane.site\/index.php\/2024\/02\/06\/les-charges-patronales\/\">Les \u00ab\u00a0charges patronales\u00a0\u00bb ; revenu et salaire<\/a> <br><a href=\"https:\/\/marc-gensane.site\/index.php\/2023\/12\/15\/la-loi-du-marche\/\">La \u00ab\u00a0loi du march\u00e9\u00a0\u00bb<\/a> <br><a href=\"https:\/\/marc-gensane.site\/index.php\/2024\/02\/07\/l-islamisme-l-islamisme-radical-le-djihad\/\">L'\u00a0\u00bbislamisme\u00a0\u00bb; l'\u00a0\u00bbislamisme radical\u00a0\u00bb; le \u00ab\u00a0djihad\u00a0\u00bb<\/a><br><a href=\"https:\/\/marc-gensane.site\/index.php\/2024\/03\/11\/le-prive-paie-mieux-que-le-public\/\">Le priv\u00e9 paie mieux que le public<\/a><br><a href=\"https:\/\/marc-gensane.site\/index.php\/2024\/12\/08\/dematerialisation\/\">D\u00e9mat\u00e9rialisation<\/a><\/p>\n\n\n\n<p class=\"has-small-font-size\"><strong>Pour un monde meilleur<\/strong><br><a href=\"https:\/\/marc-gensane.site\/index.php\/2023\/12\/15\/quelques-mondes-meilleurs\/\">Quelques mondes <\/a><br><a href=\"https:\/\/marc-gensane.site\/index.php\/2023\/12\/15\/halte-aux-immigrations\/\">Halte aux immigration<\/a>s<br><a href=\"https:\/\/marc-gensane.site\/index.php\/2024\/02\/29\/travaillez-a-cote-de-chez-vous\/\">Travaillez \u00e0 c\u00f4t\u00e9 de chez vous<\/a> <br> <a href=\"https:\/\/marc-gensane.site\/index.php\/2024\/02\/29\/un-droit-fondamental-pour-tous\/\">Un droit fondamental pour tous<\/a> <br><a href=\"https:\/\/marc-gensane.site\/index.php\/2024\/02\/29\/une-excellente-nouvelle\/\">Une excellente nouvelle<\/a> <br><a href=\"https:\/\/marc-gensane.site\/index.php\/2024\/02\/29\/recuperation-de-terres-agricoles\/\">R\u00e9cup\u00e9ration de terres agricoles<\/a> <br><a href=\"https:\/\/marc-gensane.site\/index.php\/2024\/02\/29\/un-jardin-pour-chacun\/\">Un jardin pour chacun<\/a> <br><a href=\"https:\/\/marc-gensane.site\/index.php\/2024\/02\/29\/pour-un-shift-project-generalise\/\">Pour un \u00ab\u00a0shift project\u00a0\u00bb g\u00e9n\u00e9ralis\u00e9<\/a> <br><a href=\"https:\/\/marc-gensane.site\/index.php\/2024\/02\/29\/87\/\">Combien d&rsquo;hommes la terre peut-elle nourrir?<\/a> <br><a href=\"https:\/\/marc-gensane.site\/index.php\/2024\/08\/31\/chauffage-au-bois\/\">Chauffage au bois<\/a><br><a href=\"https:\/\/marc-gensane.site\/index.php\/2024\/10\/31\/combien-la-terre-peut-elle-nourrir-dhommes-complements\/\">Combien d&rsquo;hommes la Terre peut-elle nourrir? Compl\u00e9ments<\/a><br><a href=\"https:\/\/marc-gensane.site\/index.php\/2024\/12\/17\/la-revolution-ou-la-mort\/\">La r\u00e9volution ou la mort<\/a><br><a href=\"https:\/\/marc-gensane.site\/index.php\/2025\/10\/10\/quel-avenir-pour-lhumanite-1-aspect-materiel\/\">Quel avenir pour l&rsquo;humanit\u00e9? 1e partie<\/a><br><br><strong>Philosophie<\/strong><br><a href=\"https:\/\/marc-gensane.site\/index.php\/2024\/03\/01\/lharmonie-des-spheres\/\">L&rsquo;harmonie des sph\u00e8res<\/a><br><a href=\"https:\/\/marc-gensane.site\/index.php\/2024\/03\/04\/les-religions-lislam\/\">Les religions; l&rsquo;Islam<\/a><br><a href=\"https:\/\/marc-gensane.site\/index.php\/2024\/03\/01\/textes-philosophiques-de-marcel-gensane-1923-2012\/\">Textes philosophiques de Marcel Gensane<\/a><br><a href=\"https:\/\/marc-gensane.site\/index.php\/2024\/03\/01\/le-yin-yang-et-quelques-applications\/\">Le yin-yang et quelques applications<\/a><br><a href=\"https:\/\/marc-gensane.site\/index.php\/2024\/03\/01\/vous-ne-pouvez-servir-dieu-et-mammon\/\">Vous ne pouvez servir Dieu et Mammon<\/a><br><a href=\"https:\/\/marc-gensane.site\/index.php\/2024\/10\/27\/lamour-du-prochain\/\">L&rsquo;amour du prochain<\/a><br><a href=\"https:\/\/marc-gensane.site\/index.php\/2024\/10\/27\/connaissance-et-charite\/\">De la spiritualit\u00e9: Connaissance et Charit\u00e9<\/a><br><a href=\"https:\/\/marc-gensane.site\/index.php\/2024\/11\/02\/lordre-des-activites-humaines\/\">L&rsquo;ordre des activit\u00e9s humaines<\/a><br><br><strong>Commentaires d&rsquo;actualit\u00e9s<\/strong><br><strong>2018<\/strong>. <a href=\"https:\/\/marc-gensane.site\/index.php\/2024\/03\/12\/a-propos-de-donald-trump\/\">A propos de Donald Trump<\/a><br><strong>F\u00e9vrier 2019<\/strong>. <a href=\"https:\/\/marc-gensane.site\/index.php\/2024\/03\/12\/les-retraites\/\">Les retraites<\/a><br><strong>F\u00e9vrier 2020<\/strong>. <a href=\"https:\/\/marc-gensane.site\/index.php\/2024\/03\/12\/a-propos-des-greves\/\">A propos des gr\u00e8ves<\/a><br><strong>29 mars 2020<\/strong>. <a href=\"https:\/\/marc-gensane.site\/index.php\/2024\/03\/12\/a-propos-de-la-pandemie-en-cours\/\">A propos de la pand\u00e9mie<\/a><br><strong>2007, 2019, 2023<\/strong>. <a href=\"https:\/\/marc-gensane.site\/index.php\/2024\/03\/12\/contre-les-gelees-tardives\/\">Amis boursiers, vendez!<\/a><br><strong>Avril 2022<\/strong>. <a href=\"https:\/\/marc-gensane.site\/index.php\/2024\/03\/12\/contre-les-gelees-tardives\/\">Contre les gel\u00e9es tardives<\/a><br><strong>Fin 2022<\/strong>. <a href=\"https:\/\/marc-gensane.site\/index.php\/2024\/03\/12\/a-propos-de-la-guerre-dukraine-1\/\">A propos des la guerre d&rsquo;Ukraine (1)<\/a><br><strong>Fin 2022<\/strong>.<a href=\"https:\/\/marc-gensane.site\/index.php\/2024\/03\/12\/a-propos-de-la-guerre-dukraine-2\/\"> A propos de la guerre d&rsquo;Ukraine (2)<\/a><br><strong>Mars 2026<\/strong>. <a href=\"https:\/\/marc-gensane.site\/index.php\/2026\/03\/02\/le-trou-de-la-secu-quel-trou\/\">Le trou de la S\u00e9cu? Quel trou?<\/a><br><strong>Avril 2026. <\/strong><a href=\"https:\/\/marc-gensane.site\/index.php\/2026\/04\/23\/complement-a-larticle-le-trou-de-la-secu-quel-trou\/\">Compl\u00e9ment au \u00ab\u00a0trou de la S\u00e9cu\u00a0\u00bb<\/a><\/p>\n\n\n\n<p class=\"has-small-font-size\"><strong>Divertissements<\/strong><br><a href=\"https:\/\/marc-gensane.site\/index.php\/2024\/11\/12\/estimez-votre-taux-dalcool\/\">Estimez votre alcool\u00e9mie<\/a><br><a href=\"https:\/\/marc-gensane.site\/index.php\/2024\/11\/12\/vision-davenir\/\">Comme son nom l&rsquo;indique &#8230;.<\/a><br><a href=\"https:\/\/marc-gensane.site\/index.php\/2024\/11\/18\/publicites-bretonnes\/\">Publicit\u00e9s bretonnes<\/a><br><a href=\"https:\/\/marc-gensane.site\/index.php\/2024\/11\/18\/une-grave-maladie\/\">La maladie que redoutent les oiseaux &#8230;.<\/a><br><a href=\"https:\/\/marc-gensane.site\/index.php\/2024\/11\/22\/oiseaux-de-paris\/\">Oiseaux de Paris<\/a><br><a href=\"https:\/\/marc-gensane.site\/index.php\/2025\/11\/30\/des-rappages\/\">Des rappages &#8230;<\/a><br><\/p>\n\n\n\n<p><\/p>\n","protected":false},"excerpt":{"rendered":"<p>Nota: tous les articles ant\u00e9rieurs \u00e0 2024 proviennent d&rsquo;un site \u00ab\u00a0perso-orange\u00a0\u00bb; orange ayant cess\u00e9 sa fonction d&rsquo;h\u00e9bergeur, ce site n&rsquo;existe plus. A noter que mon ancien site sur free n&rsquo;a pas \u00e9t\u00e9 supprim\u00e9 \u00e0 ce jour, bien que je ne sois plus \u00ab\u00a0chez\u00a0\u00bb free depuis longtemps.Ancien site : http:\/\/marc.gensane.free.fr\/ (l&rsquo;adresse courriel qui y figure n&rsquo;est&hellip;&nbsp;<a href=\"https:\/\/marc-gensane.site\/index.php\/table-des-matieres\/\" rel=\"bookmark\">Lire la suite &raquo;<span class=\"screen-reader-text\">Table des mati\u00e8res<\/span><\/a><\/p>\n","protected":false},"author":1,"featured_media":0,"parent":0,"menu_order":0,"comment_status":"closed","ping_status":"closed","template":"","meta":{"neve_meta_sidebar":"","neve_meta_container":"","neve_meta_enable_content_width":"","neve_meta_content_width":0,"neve_meta_title_alignment":"","neve_meta_author_avatar":"","neve_post_elements_order":"","neve_meta_disable_header":"","neve_meta_disable_footer":"","neve_meta_disable_title":"","footnotes":""},"class_list":["post-40","page","type-page","status-publish","hentry"],"_links":{"self":[{"href":"https:\/\/marc-gensane.site\/index.php\/wp-json\/wp\/v2\/pages\/40"}],"collection":[{"href":"https:\/\/marc-gensane.site\/index.php\/wp-json\/wp\/v2\/pages"}],"about":[{"href":"https:\/\/marc-gensane.site\/index.php\/wp-json\/wp\/v2\/types\/page"}],"author":[{"embeddable":true,"href":"https:\/\/marc-gensane.site\/index.php\/wp-json\/wp\/v2\/users\/1"}],"replies":[{"embeddable":true,"href":"https:\/\/marc-gensane.site\/index.php\/wp-json\/wp\/v2\/comments?post=40"}],"version-history":[{"count":59,"href":"https:\/\/marc-gensane.site\/index.php\/wp-json\/wp\/v2\/pages\/40\/revisions"}],"predecessor-version":[{"id":446,"href":"https:\/\/marc-gensane.site\/index.php\/wp-json\/wp\/v2\/pages\/40\/revisions\/446"}],"wp:attachment":[{"href":"https:\/\/marc-gensane.site\/index.php\/wp-json\/wp\/v2\/media?parent=40"}],"curies":[{"name":"wp","href":"https:\/\/api.w.org\/{rel}","templated":true}]}}